7069
What are the prime factors of 375107365?
5, 131, 572683
What are the prime factors of 193897227?
3, 64632409
List the prime factors of 91831283.
83, 1106401
What are the prime factors of 1096004995?
5, 61, 653, 5503
What are the prime factors of 837716780?
2, 5, 2221, 18859
What are the prime factors of 1077312964?
2, 7, 13, 2959651
What are the prime factors of 105391704?
2, 3, 11, 17, 23, 1021
What are the prime factors of 53449452?
2, 3, 7, 113, 1877
List the prime factors of 1824782089.
13, 181, 775513
What are the prime factors of 91630606?
2, 31, 1477913
List the prime factors of 169130773.
7, 17, 1421267
List the prime factors of 4185186126.
2, 3, 11, 19, 3337469
List the prime factors of 120076931.
13, 67, 89, 1549
What are the prime factors of 346282590?
2, 3, 5, 11542753
What are the prime factors of 18697760?
2, 5, 137, 853
What are the prime factors of 287516073?
3, 13, 541, 13627
List the prime factors of 2588087.
2588087
What are the prime factors of 392594226?
2, 3, 17, 19, 202577
What are the prime factors of 38993081?
29, 1344589
List the prime factors of 13267838.
2, 179, 37061
What are the prime factors of 3393107932?
2, 19, 5381, 8297
What are the prime factors of 75537919?
17, 929, 4783
What are the prime factors of 365661959?
13, 17, 1654579
What are the prime factors of 2950560554?
2, 317, 4653881
List the prime factors of 3940803439.
17, 131, 907, 1951
What are the prime factors of 52607576?
2, 7, 43, 3121
List the prime factors of 509089270.
2, 5, 1987, 25621
List the prime factors of 191865983.
179, 197, 5441
What are the prime factors of 27597122?
2, 7, 557, 3539
What are the prime factors of 48115769?
13, 3701213
List the prime factors of 477503251.
477503251
What are the prime factors of 233479211?
7, 983, 33931
List the prime factors of 516378470.
2, 5, 31, 53, 593
What are the prime factors of 167894232?
2, 3, 11, 769, 827
What are the prime factors of 85883418?
2, 3, 727, 6563
List the prime factors of 235139715.
3, 5, 41, 127447
List the prime factors of 12388517.
1129, 10973
What are the prime factors of 822624258?
2, 3, 67, 761, 2689
What are the prime factors of 301069657?
7, 523, 82237
What are the prime factors of 235878490?
2, 5, 23587849
What are the prime factors of 32141085?
3, 5, 2142739
List the prime factors of 3840781198.
2, 1867, 1028597
What are the prime factors of 23587730?
2, 5, 29, 163, 499
List the prime factors of 3559673772.
2, 3, 149, 269, 2467
List the prime factors of 2706601859.
13, 208200143
List the prime factors of 1360012722.
2, 3, 41, 857, 6451
What are the prime factors of 246522497?
13, 1458713
List the prime factors of 166453639.
11, 37, 241, 1697
What are the prime factors of 218955669?
3, 2011, 36293
List the prime factors of 596968091.
596968091
What are the prime factors of 551270660?
2, 5, 379, 72727
What are the prime factors of 44466544?
2, 23, 120833
List the prime factors of 791489753.
71, 227, 49109
What are the prime factors of 41420827?
7, 853, 991
List the prime factors of 356942050.
2, 5, 7138841
List the prime factors of 1852061381.
37, 1489, 33617
What are the prime factors of 148387296?
2, 3, 1545701
What are the prime factors of 2850086211?
3, 7, 135718391
What are the prime factors of 298503187?
17, 257, 4019
List the prime factors of 1577322742.
2, 1973, 399727
What are the prime factors of 165617424?
2, 3, 7, 43, 3821
What are the prime factors of 49635555?
3, 5, 3309037
What are the prime factors of 33342962?
2, 23, 724847
What are the prime factors of 353388425?
5, 13, 1087349
List the prime factors of 520163071.
520163071
What are the prime factors of 2896549000?
2, 5, 29, 99881
What are the prime factors of 3650215082?
2, 1825107541
What are the prime factors of 125403336?
2, 3, 79, 7349
List the prime factors of 378436681.
7, 659, 82037
List the prime factors of 43088136.
2, 3, 7, 13, 109, 181
List the prime factors of 98972207.
149, 664243
List the prime factors of 168287011.
2251, 74761
List the prime factors of 616504361.
11, 107, 523793
List the prime factors of 15906260.
2, 5, 617, 1289
What are the prime factors of 115092016?
2, 13, 191, 2897
What are the prime factors of 4473789058?
2, 19, 43, 2737937
List the prime factors of 6013625.
5, 48109
What are the prime factors of 64144146?
2, 3, 11, 31, 107, 293
List the prime factors of 423798146.
2, 239, 886607
What are the prime factors of 606030383?
7, 12367967
List the prime factors of 1136248.
2, 142031
What are the prime factors of 21380098?
2, 107, 99907
List the prime factors of 3285729081.
3, 313, 1166393
What are the prime factors of 281050838?
2, 43, 53, 197, 313
What are the prime factors of 767994076?
2, 79, 727, 3343
List the prime factors of 203354914.
2, 7, 23, 631537
What are the prime factors of 2726857684?
2, 41, 405541
What are the prime factors of 4217916315?
3, 5, 281194421
List the prime factors of 3113750500.
2, 5, 7, 389, 2287
List the prime factors of 652928088.
2, 3, 1303, 20879
List the prime factors of 2903608025.
5, 19, 31, 293, 673
What are the prime factors of 887405358?
2, 3, 7, 103, 205133
What are the prime factors of 49495596?
2, 3, 4124633
What are the prime factors of 327831667?
327831667
List the prime factors of 82892000.
2, 5, 17, 23, 53
List the prime factors of 11813737.
13, 908749
List the prime factors of 66274410.
2, 3, 5, 157, 14071
What are the prime factors of 168862457?
61, 2768237
What are the prime factors of 4940054?
2, 7, 257, 1373
What are the prime factors of 342980203?
342980203
List the prime factors of 447509660.
2, 5, 13, 19, 157, 577
What are the prime factors of 4270270157?
25343, 168499
List the prime factors of 656075850.
2, 3, 5, 41, 107, 997
List the prime factors of 3256615393.
2297, 1417769
List the prime factors of 21030951.
3, 7010317
List the prime factors of 256730819.
256730819
List the prime factors of 359388030.
2, 3, 5, 37, 199, 1627
What are the prime factors of 281920293?
3, 31, 1010467
List the prime factors of 22014965.
5, 7, 59, 1523
What are the prime factors of 42882933?
3, 1783, 8017
What are the prime factors of 6187345410?
2, 3, 5, 71, 2904857
What are the prime factors of 418153287?
3, 139384429
List the prime factors of 27519254.
2, 7, 1965661
List the prime factors of 13997493.
3, 47, 33091
What are the prime factors of 892382337?
3, 7, 11, 31, 41539
List the prime factors of 6361625316.
2, 3, 281, 547, 3449
List the prime factors of 3186903509.
31, 719, 142981
List the prime factors of 64683931.
13, 739, 6733
List the prime factors of 209871068.
2, 11, 67, 71191
What are the prime factors of 235304037?
3, 19, 359, 3833
List the prime factors of 34315415.
5, 173, 39671
List the prime factors of 2385597435.
3, 5, 13, 109, 112237
What are the prime factors of 214041511?
467, 458333
What are the prime factors of 227941987?
7, 13, 83, 103, 293
What are the prime factors of 133241456?
2, 2579, 3229
What are the prime factors of 62407359?
3, 7, 990593
What are the prime factors of 55410364?
2, 13852591
What are the prime factors of 1482931172?
2, 89, 2029, 2053
What are the prime factors of 1305753668?
2, 326438417
List the prime factors of 2804302555.
5, 560860511
What are the prime factors of 2787344363?
1301, 2142463
List the prime factors of 2917140692.
2, 23, 31708051
What are the prime factors of 248882636?
2, 62220659
What are the prime factors of 210074932?
2, 263, 397, 503
List the prime factors of 230778003.
3, 1867, 41203
What are the prime factors of 65406481?
7, 9343783
List the prime factors of 149950006.
2, 74975003
List the prime factors of 163000049.
797, 204517
What are the prime factors of 1930674334?
2, 965337167
What are the prime factors of 977071106?
2, 11, 97, 227, 2017
What are the prime factors of 557792478?
2, 3, 1217, 25463
List the prime factors of 51592959.
3, 11, 31, 16811
List the prime factors of 171316691.
7, 13, 131, 2053
What are the prime factors of 37453466?
2, 1847, 10139
List the prime factors of 92742445.
5, 79, 234791
List the prime factors of 161168493.
3, 53722831
List the prime factors of 358745836.
2, 89686459
What are the prime factors of 10392648?
2, 3, 7, 61861
List the prime factors of 758539926.
2, 3, 19, 383, 5791
List the prime factors of 226682291.
11, 229